he units digit of s?
2
Let t(i) = 3*i - 12. Let s be t(0). Let b be (-3)/(-1)*(-16)/s. Suppose 0 = o - b*p - 75, 4*p + 0*p - 161 = -3*o. What is the tens digit of o?
5
Suppose 33*s + 747296 = 22*s + 22*s. What is the ten thousands digit of s?
6
What is the thousands digit of 3*(-28)/63 - 395640/(-27)?
4
Let h be 3/(4/(32/6)). Suppose -m - 4*i + 10 = 0, 0 = 4*m + m + h*i - 18. Suppose -b + 7 = 2*a, m*b - 3*a - 14 - 21 = 0. What is the units digit of b?
3
Let h = -12 - -280. Suppose 0*q + r = -q + 385, -q + 2*r + 382 = 0. Let c = q - h. What is the units digit of c?
6
Let i = 172 - 170. What is the tens digit of 173 - 7 - 2*i/2?
6
Let v(k) = -100*k + 5. Let t be v(3). What is the hundreds digit of 4/(t/99 + 3)?
1
Suppose -8 - 16 = -3*o. What is the units digit of 44/20 - o/(-10)?
3
Suppose 4*k + 6711 = -2*o + 25151, 2*o - 13832 = -3*k. What is the tens digit of k?
0
Suppose 0 = -1417*o + 1431*o - 29834. What is the units digit of o?
1
Let o be 2*((-385)/(-10))/(-7)*-1. Suppose -10*y - 404 = -o*y. What is the hundreds digit of y?
4
Suppose -3*c - 11487 = -2*s, -48*s + 51*s - 17247 = -c. What is the hundreds digit of s?
7
Let d be (45/(-84) - (-16)/56)*4. What is the tens digit of (1/d)/(-6*(-4)/(-13680))?
7
What is the units digit of 21 - 1254369/(-33) - 6/33?
2
What is the units digit of (1 - -9356) + (1 - (1 + -2))?
9
Let p(y) = y**2 + 23*y + 65. Let r be p(-20). Suppose -4*z + 2*t + 24 = -0*t, t + 30 = r*z. Suppose 266 = v + 5*c, 0*c + z = -2*c. What is the tens digit of v?
8
Suppose -13*u + 0*u + 11882 = 0. Suppose u = 3*x - 2*p, 0 = 11*x - 7*x - 2*p - 1218. What is the units digit of x?
4
Let l(k) = k**3 + 35*k**2 - 36*k + 14. Let d be l(-36). Let h(i) = i**3 - 10*i**2 - 35*i - 20. What is the hundreds digit of h(d)?
2
Let b(u) = 3*u**3 - 7*u**2 + 6*u - 4. Let c be b(5). Let r be -143 + (-6 - 3)/3. Let l = c + r. What is the units digit of l?
0
Let i(p) = 121*p + 8878. What is the thousands digit of i(63)?
6
Let t = -99 - -101. Suppose 0*c + 5*c = -j - 7, -t*j = -2*c - 10. What is the tens digit of c/(-3)*452*(-9)/(-12)?
2
Suppose -5*j + 188467 = 3*m + 30819, -4*m = 4*j - 126120. Suppose -j = 10*h - 51*h. What is the units digit of h?
9
Let i = -2 - -8. Let y(d) = d**2 + 6*d - 37. Let n be y(-10). Suppose i = -2*q, -z - n*q + 23 = q. What is the units digit of z?
5
Suppose -3*r = -4*m - 106909 + 22237, 4*r = -2*m + 112830. What is the ten thousands digit of r?
2
Let l(d) = 29*d**2 + 359*d + 266. What is the ten thousands digit of l(-37)?
2
Let s(f) = 34*f - 20. Let w(d) = -34*d + 20. Let z(h) = 4*s(h) + 3*w(h). Let i be -8*(6/(-4) - -1). What is the hundreds digit of z(i)?
1
What is the units digit of 12/40*28198 + (-36)/90?
9
Let t be 7 - 3 - 39*1. Let y = -33 - t. Suppose 377 = 3*c - z, -y*c - 3*z = -7*c + 627. What is the tens digit of c?
2
Suppose 3*y - 16463 = 2827. Suppose -4*o = 3*g - 3875, y = 5*g - 10*o + 11*o. What is the thousands digit of g?
1
Let y(k) = 2*k**2 + 4*k + 8. Let b(o) = o**2 + 6*o + 3. Let q be (4/(-6))/((3 - -1)/24). Let t be b(q). What is the tens digit of y(t)?
3
Let d be -3 + (-688)/24*-6. Let x = 495 + d. What is the tens digit of x?
6
Let s be 1762*(-1)/(-3)*-3. What is the hundreds digit of (s/(-12) - 3) + (-2)/(-12)?
1
Let w = 592 + -187. Suppose -5*o + 225 = -w. What is the units digit of o?
6
Suppose 2*v - 889 = 5*t, 0*v + v - 2*t - 445 = 0. Suppose -4*n + v = -481. What is the units digit of n?
2
Let a(w) = 3*w**3 + 5*w**2 + 2*w - 1. Suppose 21 + 39 = 12*n. What is the hundreds digit of a(n)?
5
Suppose -2*y = -3*y + 33. Suppose -6*c - 5*c + y = 0. Suppose 166 + 71 = c*b. What is the tens digit of b?
7
Suppose 0 = o - 4*x - 50, o = -2*x + 31 + 37. Suppose -59*i + o*i - 1935 = 0. What is the units digit of i?
5
Let b(t) = -t**3 - 16*t**2 + 36*t + 2. Suppose 8*g = 3*g - 90. Let m be b(g). Suppose 157 + 38 = 2*f - x, -m*x = 6. What is the units digit of f?
6
Let k(d) = 130*d - 4. Let r be k(-2). Let q = 712 + r. Suppose 4*w + q = 5*t - 2*t, 2*t - 300 = 4*w. What is the tens digit of t?
4
Let b(h) = 12*h**2 + 20*h + 54. Let f be -1*(-1 + 6 + 2/1). What is the units digit of b(f)?
2
Let c(g) = g**3 - 122*g**2 - 192*g + 552. What is the tens digit of c(126)?
6
Suppose z + 1037 = -4*b + 9*b, -b - 3*z + 217 = 0. Let n = b - 113. What is the units digit of n?
5
Let p be (-2)/(-7) + (-2624)/(-28). Let g = 20 + p. Suppose 117*b = g*b + 186. What is the tens digit of b?
6
Suppose -4*b = -2*b + 12, 5*o - 2*b = 52497. What is the units digit of o?
7
Let g(z) = -z**3 + 62*z**2 - 150*z - 12. Let r be g(59). Let t = r - 667. What is the units digit of t?
4
Let u be (8 - 90/10) + (-2)/(-1). What is the tens digit of (u*-4)/((-5 + -6)/352)?
2
Let o(c) = -c + 10. Let i = -70 + 62. Let f be o(i). Let w(n) = n**2 - 20*n + 44. What is the units digit of w(f)?
8
Let k = 2248 + 5407. What is the hundreds digit of k?
6
Let a(s) = 108*s**2 - 2*s + 18. Let o(t) = t**2 - 1. Let l(k) = a(k) + 12*o(k). What is the tens digit of l(2)?
8
Suppose -3*x = 5*t - 7 - 8, -t + 3*x - 15 = 0. Suppose -r = 5 - t. What is the units digit of ((-32)/10)/(r/25)?
6
Let j(q) = 6216*q + 2584. What is the hundreds digit of j(4)?
4
Let l(b) = 81*b**2 + 10*b + 92. What is the hundreds digit of l(14)?
1
Let i(r) be the second derivative of 7*r**5/20 + r**4/4 - 17*r**3/6 + 7*r**2/2 + r + 110. What is the hundreds digit of i(6)?
5
Let v = -71 + 89. Suppose -3*x + v - 24 = 0. What is the units digit of (21/x)/7*-58?
7
Suppose -8*r = -43*r - 21*r + 859824. What is the hundreds digit of r?
3
Let r be 3/((-7)/((-91)/3)). Suppose -2*a - 3*b + 9 = a, r = 3*a - b. Let z(k) = 2*k. What is the units digit of z(a)?
8
What is the ten thousands digit of (32/20)/((-5425920)/29853450 - (-4)/22)?
2
Let t(q) = -302*q + 608. What is the tens digit of t(-7)?
2
Let v(s) = -2*s**3 + 9*s**2 + 4*s + 4. Let y be ((-6)/(-2))/((-9)/(-15)). Let l be v(y). What is the units digit of (-112 + -3)/l*(-18)/(-30)?
9
Let i be (-9)/(-8) + -1 + (-105)/(-56). Suppose -30 = -8*f + i*f. Suppose 4*g - 344 = g + 4*s, -2*g + 260 = f*s. What is the hundreds digit of g?
1
Let o(i) be the third derivative of i**4/12 + 3*i**3 + 8*i**2. Let k be o(9). Let d = k - -1. What is the tens digit of d?
3
Suppose 27574 = 6*c - 223808. What is the units digit of c?
7
Let d be (-60882)/(-18) + 6/(-18). Suppose 7*i - d = 1469. What is the units digit of i?
3
Let o(s) = 9*s - 18. Let q be o(4). Suppose 2*a - 14 = q. What is the units digit of (2 + (1 - -6) + -1)*a?
8
Suppose -6*y + 26 - 188 = 0. Let t be 0 - 330/y - (-8)/(-36). Let k = t + 16. What is the units digit of k?
8
Let x(q) = -77*q + 67. Let b be x(-8). Let o = 1340 - b. What is the units digit of o?
7
Suppose -6*z = 7*z - 4*z. Suppose z = 141*c - 142*c - 175. What is the hundreds digit of 7/(-21) - (-20)/6 - c?
1
Suppose 0 = -f + 5, -5*g - 3*f + 55 = 0. Let n be (21/9 - g/(-12))*-4. Let v = n - -76. What is the tens digit of v?
6
Let b(l) be the third derivative of -19*l**6/120 + l**5/12 + l**4/6 + 44*l**2 + 2*l. What is the tens digit of b(-3)?
4
Suppose -3*y + 2*y - 4*j = -3046, -j = 3*y - 9182. What is the thousands digit of y?
3
Suppose 4*j + i - 63 = 0, -36 = -5*j - i + 44. Let b = -32 - -53. Suppose j*f + 504 = b*f. What is the hundreds digit of f?
1
Suppose -l - 2*l + 18186 = -m, l = -m + 6058. What is the units digit of l?
1
Suppose 23*j + 43 = -141. Let v be ((-12)/20)/((-1)/(-5)). What is the hundreds digit of 170 - j*v/(-6)?
1
Let o(a) = a**2 - 13*a - 8. Let i be o(6). Let u = 69 + i. Let s = u + 30. What is the units digit of s?
9
Let h = -1572 - -10887. What is the hundreds digit of h?
3
Let f = -10053 - -24316. What is the units digit of f?
3
Suppose -4469 = 7*v - 15627. Let b = -1077 + v. What is the units digit of b?
7
Suppose -3*i - 167 = -x + 30, -3*x + 566 = -4*i. Let t = 227 - x. What is the tens digit of t?
4
Let o = 305 - 301. Suppose -o = 4*c, -5*m - 4*c = -c - 5362. What is the units digit of m?
3
Let s = 3024 - 1653. Suppose -4*m - 3*l + 440 = -s, 3 = 3*l. What is the hundreds digit of m?
4
Suppose -2*k + 71425 = w, 415*w - 417*w - 142878 = -4*k. What is the hundreds digit of k?
7
Suppose -90 = -12*a + 3474. Suppose 3 = t - a. What is the hundreds digit of t?
3
Let i = -9752 + 10539. What is the units digit of i?
7
Suppose -34*u